culate the remainder when 3304775 is divided by 2627.
9
Calculate the remainder when 1373585 is divided by 404.
389
What is the remainder when 18749 is divided by 9056?
637
What is the remainder when 7783308 is divided by 7783294?
14
Calculate the remainder when 312211438 is divided by 1072.
14
Calculate the remainder when 17066984 is divided by 116.
20
Calculate the remainder when 55824718 is divided by 1410.
1408
Calculate the remainder when 19876580 is divided by 460.
440
What is the remainder when 411467 is divided by 82?
73
What is the remainder when 1133258 is divided by 141654?
26
What is the remainder when 85138 is divided by 42558?
22
What is the remainder when 2162177 is divided by 338?
329
Calculate the remainder when 121641 is divided by 40503.
132
Calculate the remainder when 723528 is divided by 1593.
306
Calculate the remainder when 58981451 is divided by 32160.
11
What is the remainder when 380272 is divided by 63?
4
What is the remainder when 17263869 is divided by 8631895?
79
What is the remainder when 5315717 is divided by 30726?
119
Calculate the remainder when 317092 is divided by 4171.
96
What is the remainder when 341337 is divided by 1865?
42
Calculate the remainder when 30445351 is divided by 10148445.
16
What is the remainder when 40147593 is divided by 25?
18
What is the remainder when 275417 is divided by 792?
593
What is the remainder when 292681 is divided by 145364?
1953
Calculate the remainder when 112676 is divided by 2351.
2179
What is the remainder when 47596 is divided by 47586?
10
Calculate the remainder when 48461 is divided by 641.
386
What is the remainder when 188162513 is divided by 37632501?
8
Calculate the remainder when 1406402 is divided by 1346.
1178
Calculate the remainder when 827042 is divided by 16216.
26
What is the remainder when 25974 is divided by 25818?
156
Calculate the remainder when 35661595 is divided by 468.
463
Calculate the remainder when 340078 is divided by 239.
220
Calculate the remainder when 677813 is divided by 338876.
61
What is the remainder when 260108 is divided by 63939?
4352
What is the remainder when 2110467 is divided by 1435?
1017
Calculate the remainder when 1004963 is divided by 502273.
417
Calculate the remainder when 524343 is divided by 1130.
23
Calculate the remainder when 5288572 is divided by 99.
91
What is the remainder when 1350118 is divided by 1033?
1020
What is the remainder when 43003506 is divided by 50?
6
What is the remainder when 342060 is divided by 109401?
13857
Calculate the remainder when 7160908 is divided by 94.
82
Calculate the remainder when 5213091 is divided by 67.
22
Calculate the remainder when 632051 is divided by 5267.
11
Calculate the remainder when 26998 is divided by 5109.
1453
What is the remainder when 660853 is divided by 692?
685
What is the remainder when 116084 is divided by 2300?
1084
What is the remainder when 631955 is divided by 10358?
117
What is the remainder when 105084747 is divided by 50?
47
Calculate the remainder when 1976608 is divided by 161.
11
Calculate the remainder when 1352236 is divided by 1352233.
3
Calculate the remainder when 18030964 is divided by 3273.
7
Calculate the remainder when 6269151 is divided by 11.
9
What is the remainder when 5338237 is divided by 280959?
16
Calculate the remainder when 317421 is divided by 301.
167
Calculate the remainder when 199407 is divided by 3175.
2557
What is the remainder when 163676302 is divided by 16?
14
What is the remainder when 122108 is divided by 3699?
41
Calculate the remainder when 4007179 is divided by 1335581.
436
Calculate the remainder when 2089240027 is divided by 911.
910
Calculate the remainder when 89777490 is divided by 32.
18
What is the remainder when 3459128 is divided by 88693?
101
What is the remainder when 31316 is divided by 2653?
2133
Calculate the remainder when 675621 is divided by 311.
129
What is the remainder when 885370 is divided by 153?
112
Calculate the remainder when 11180825 is divided by 2267.
2248
Calculate the remainder when 8127597 is divided by 322.
317
What is the remainder when 801529 is divided by 347?
306
Calculate the remainder when 47351520 is divided by 23675755.
10
Calculate the remainder when 251459478 is divided by 13.
10
Calculate the remainder when 2608523 is divided by 925.
23
Calculate the remainder when 3804396 is divided by 82692.
564
Calculate the remainder when 3914713 is divided by 98.
5
Calculate the remainder when 55702949 is divided by 10202.
29
What is the remainder when 180345 is divided by 13753?
1556
What is the remainder when 539732 is divided by 1852?
800
What is the remainder when 1020807772 is divided by 325?
322
Calculate the remainder when 160029 is divided by 176.
45
Calculate the remainder when 3553672 is divided by 17.
9
What is the remainder when 284887126 is divided by 4024?
4022
Calculate the remainder when 267899 is divided by 53436.
719
What is the remainder when 1359946 is divided by 42481?
554
What is the remainder when 66872632 is divided by 109269?
4
What is the remainder when 594472 is divided by 2791?
2780
What is the remainder when 37566748 is divided by 21?
16
What is the remainder when 3536309 is divided by 36?
29
What is the remainder when 1974231 is divided by 658064?
39
What is the remainder when 314731 is divided by 62820?
631
Calculate the remainder when 19765102 is divided by 2102.
2098
Calculate the remainder when 35129191 is divided by 86.
83
Calculate the remainder when 168165 is divided by 18573.
1008
What is the remainder when 22610153 is divided by 147778?
119
What is the remainder when 17626882 is divided by 3257?
3255
What is the remainder when 100946930 is divided by 85?
80
What is the remainder when 4141602 is divided by 1380511?
69
What is the remainder when 14058985 is divided by 990?
985
Calculate the remainder when 148039 is divided by 2511.
2401
Calculate the remainder when 116972 is divided by 498.
440
Calculate the remainder when 29583 is divided by 119.
71
Calculate the remainder when 125259 is divided by 863.
124
What is the remainder when 17781241 is divided by 493922?
49
Calculate the remainder when 330657 is divided by 8062.
115
Calculate the remainder when 1264783 is divided by 1285.
343
What is the remainder when 2773790 is divided by 1386705?
380
What is the remainder when 113240 is divided by 2939?
1558
What is the remainder when 214447 is divided by 214312?
135
Calculate the remainder when 29841859 is divided by 124341.
19
What is the remainder when 8744162 is divided by 2034?
2030
Calculate the remainder when 2301115 is divided by 2301088.
27
What is the remainder when 322305 is divided by 106669?
2298
Calculate the remainder when 1492878 is divided by 1492583.
295
Calculate the remainder when 49662 is divided by 135.
117
What is the remainder when 2195666 is divided by 3119?
3009
Calculate the remainder when 853072 is divided by 53293.
384
What is the remainder when 6897059 is divided by 689705?
9
What is the remainder when 16728440 is divided by 712?
0
Calculate the remainder when 222934 is divided by 1073.
823
Calculate the remainder when 64893 is divided by 73.
69
What is the remainder when 31993 is divided by 10647?
52
What is the remainder when 6995612 is divided by 333124?
8
Calculate the remainder when 15865233 is divided by 65.
33
Calculate the remainder when 3509777 is divided by 1754731.
315
What is the remainder when 42869261 is divided by 9?
2
What is the remainder when 1593650 is divided by 565?
350
Calculate the remainder when 277352 is divided by 138526.
300
Calculate the remainder when 29766 is divided by 7315.
506
What is the remainder when 858525 is divided by 962?
421
What is the remainder when 1314895 is divided by 1077?
955
What is the remainder when 99754105 is divided by 66636?
13
Calculate the remainder when 38303597 is divided by 126.
101
What is the remainder when 2916053 is divided by 54?
53
What is the remainder when 3187351 is divided by 555?
541
What is the remainder when 1495643 is divided by 50?
43
What is the remainder when 5488 is divided by 231?
175
What is the remainder when 8343053 is divided by 8100?
53
Calculate the remainder when 511615 is divided by 511596.
19
What is the remainder when 5719302 is